{"id":13592,"date":"2016-09-18T14:42:04","date_gmt":"2016-09-18T14:42:04","guid":{"rendered":"http:\/\/gefaessmanual.de\/?page_id=13592"},"modified":"2016-10-15T15:33:26","modified_gmt":"2016-10-15T15:33:26","slug":"akute-ischaemie-nach-stentimplantation","status":"publish","type":"page","link":"https:\/\/gefaessmanual.de\/?page_id=13592","title":{"rendered":"Akute Isch\u00e4mie nach Stentimplantation"},"content":{"rendered":"<h1>Akute Extremit\u00e4tenisch\u00e4mie nach Stentimplantation<\/h1>\n<p>Der 76-j\u00e4hrige Rentner B. S.\u00a0stellt sich\u00a0in der Notaufnahme vor. Gestern habe sein Kardiologe einen Stent in die rechte Oberschenkelarterie (A. femoralis superficialis) implantiert. Einige Monate zuvor sei auch die linke Seite mit einem Stent behandelt worden. W\u00e4hrend er mit der ersten Behandlung der linken Seite bis gestern sehr zufrieden gewesen sei (seitdem keine relevante intermittierende Claudicatio mehr), ist er jetzt unsicher. <strong>Seit der Punktion am Vortag bestehe auf der linken Seite ein Kribbeln mit Taubheit des Unterschenkels<\/strong>.<\/p>\n<h2>K\u00f6rperliche Untersuchung<\/h2>\n<p>Bei der problemorientierten k\u00f6rperlichen Untersuchung zeigt sich das linke Bein im Seitenvergleich k\u00fchler und insbesondere am Unterschenkel blau-livide verf\u00e4rbt. Die Muskelkraft und die Sensibilit\u00e4t ist eingeschr\u00e4nkt. Die Punktion erfolgte retrograd (auch: Cross-Over Man\u00f6ver) mit einer Punktion der A. femoralis communis links in die rechte Beinstrombahn. Die Punktionsstelle erscheint trocken und reizlos. Ein Leistenpuls oder periphere Pulse lassen sich links nicht palpieren. Rechts sind alle Pulse palpabel. Die Rekapillarisierung des linken Unterschenkels und Fu\u00dfes ist deutlich verz\u00f6gert.<\/p>\n<h2>Farbkodierte Ultraschalluntersuchung<\/h2>\n<p>In der farbkodierten Ultraschalluntersuchung (FKDS) zeigt sich ein echoreiches bis inhomogenes Str\u00f6mungshindernis in der A. femoralis communis links etwa 1-2 cm proximal des Profundaabganges. Die periphere Perfusion ist deutlich eingeschr\u00e4nkt (entschleunigte monophasische Flussprofile).<\/p>\n<div class=\"fusion-fullwidth fullwidth-box fusion-builder-row-1 hundred-percent-fullwidth non-hundred-percent-height-scrolling\" style=\"--awb-border-radius-top-left:0px;--awb-border-radius-top-right:0px;--awb-border-radius-bottom-right:0px;--awb-border-radius-bottom-left:0px;--awb-overflow:visible;--awb-flex-wrap:wrap;\" ><div class=\"fusion-builder-row fusion-row\"><div class=\"fusion-layout-column fusion_builder_column fusion-builder-column-0 fusion_builder_column_1_1 1_1 fusion-one-full fusion-column-first fusion-column-last fusion-column-no-min-height\" style=\"--awb-bg-size:cover;--awb-margin-bottom:0px;\"><div class=\"fusion-column-wrapper fusion-flex-column-wrapper-legacy\"><div id=\"attachment_13593\" style=\"width: 310px\" class=\"wp-caption alignnone\"><a href=\"http:\/\/gefaessmanual.de\/wp-content\/uploads\/2016\/09\/fkds_verschluss.jpg\" target=\"_blank\"><img decoding=\"async\" aria-describedby=\"caption-attachment-13593\" class=\"wp-image-13593 size-thumbnail\" src=\"http:\/\/gefaessmanual.de\/wp-content\/uploads\/2016\/09\/fkds_verschluss-300x300.jpg\" alt=\"fkds_verschluss\" width=\"300\" height=\"300\" srcset=\"https:\/\/gefaessmanual.de\/wp-content\/uploads\/2016\/09\/fkds_verschluss-66x66.jpg 66w, https:\/\/gefaessmanual.de\/wp-content\/uploads\/2016\/09\/fkds_verschluss-200x201.jpg 200w, https:\/\/gefaessmanual.de\/wp-content\/uploads\/2016\/09\/fkds_verschluss-300x300.jpg 300w, https:\/\/gefaessmanual.de\/wp-content\/uploads\/2016\/09\/fkds_verschluss-600x602.jpg 600w, https:\/\/gefaessmanual.de\/wp-content\/uploads\/2016\/09\/fkds_verschluss.jpg 762w\" sizes=\"(max-width: 300px) 100vw, 300px\" \/><\/a><p id=\"caption-attachment-13593\" class=\"wp-caption-text\">Abbildung: Okkludierender echoreicher Verschluss der A. femoralis communis links.<\/p><\/div>\n<div class=\"fusion-clearfix\"><\/div><\/div><\/div><div class=\"fusion-layout-column fusion_builder_column fusion-builder-column-1 fusion_builder_column_1_1 1_1 fusion-one-full fusion-column-first fusion-column-last fusion-column-no-min-height\" style=\"--awb-bg-size:cover;--awb-margin-bottom:0px;\"><div class=\"fusion-column-wrapper fusion-flex-column-wrapper-legacy\"><div id=\"attachment_13597\" style=\"width: 310px\" class=\"wp-caption alignnone\"><a href=\"http:\/\/gefaessmanual.de\/wp-content\/uploads\/2016\/09\/ata_mono.jpg\" target=\"_blank\"><img decoding=\"async\" aria-describedby=\"caption-attachment-13597\" class=\"wp-image-13597 size-thumbnail\" src=\"http:\/\/gefaessmanual.de\/wp-content\/uploads\/2016\/09\/ata_mono-300x300.jpg\" alt=\"Abbildung: Postokklusives entschleunigtes monophasisches Flussprofil der distalen Unterschenkelarterie (hier: A. tibialis anterior). \" width=\"300\" height=\"300\" srcset=\"https:\/\/gefaessmanual.de\/wp-content\/uploads\/2016\/09\/ata_mono-66x66.jpg 66w, https:\/\/gefaessmanual.de\/wp-content\/uploads\/2016\/09\/ata_mono-300x300.jpg 300w, https:\/\/gefaessmanual.de\/wp-content\/uploads\/2016\/09\/ata_mono.jpg 658w\" sizes=\"(max-width: 300px) 100vw, 300px\" \/><\/a><p id=\"caption-attachment-13597\" class=\"wp-caption-text\">Abbildung: Postokklusives entschleunigtes monophasisches Flussprofil der distalen Unterschenkelarterie (hier: A. tibialis anterior).<\/p><\/div>\n<h2>Therapie<\/h2>\n<p>Aufgrund der grenzwertigen inkompletten kritischen Extremit\u00e4tenisch\u00e4mie erfolgt eine <strong>sofortige therapeutische Antikoagulation<\/strong> durch einen Heparinbolus und die kontinuierliche Gabe von unfraktioniertem Heparin \u00fcber einen Perfusor. Das Bein wird tief gelagert und durch einen Watteverband gew\u00e4rmt und vor Hautl\u00e4sionen gesch\u00fctzt. Nach der Aufkl\u00e4rung erfolgt eine offen-chirurgische Revision im OP.<\/p>\n<p>Nach Freilegung der Femoralisgabel links erfolgt eine L\u00e4ngsinzision. Es zeigt sich im er\u00f6ffneten Gef\u00e4\u00dflumen ein sog. Verschlusssystem, welches bei perkutanen Interventionen verwendet wird, um das Gef\u00e4\u00df zu verschlie\u00dfen. In diesem Fall wurde Angioseal verwendet (siehe Abbildung).<\/p>\n<p>Aufgrund der deutlichen stenosierenden atherosklerotischen Verkalkungen\u00a0im Bereich der Femoralisgabel erfolgt eine Thrombendarteriektomie, bei der auch ein kurzes St\u00fcck des AFS-Stents exzidiert wird. Der Einstrom \u00fcber die A. femoralis communis ist anschlie\u00dfend sehr gut. Anschlie\u00dfend erfolgt eine Patchplastik in der \u00fcblichen Vierpunkt-Technik.<\/p>\n<div class=\"fusion-clearfix\"><\/div><\/div><\/div><div class=\"fusion-layout-column fusion_builder_column fusion-builder-column-2 fusion_builder_column_1_1 1_1 fusion-one-full fusion-column-first fusion-column-last fusion-column-no-min-height\" style=\"--awb-bg-size:cover;--awb-margin-bottom:0px;\"><div class=\"fusion-column-wrapper fusion-flex-column-wrapper-legacy\"><div id=\"attachment_13600\" style=\"width: 310px\" class=\"wp-caption alignnone\"><a href=\"http:\/\/gefaessmanual.de\/wp-content\/uploads\/2016\/09\/angioseal.jpg\" target=\"_blank\"><img decoding=\"async\" aria-describedby=\"caption-attachment-13600\" class=\"wp-image-13600 size-thumbnail\" src=\"http:\/\/gefaessmanual.de\/wp-content\/uploads\/2016\/09\/angioseal-300x300.jpg\" alt=\"Abbildung: AngioSeal Verschlusssystem mit Faden (Oben im Bild), Thrombusmaterial, proximales Stent-Ende des AFS-Stents, atherosklerotische Plaques der Femoralisgabel (unten im Bild)\" width=\"300\" height=\"300\" srcset=\"https:\/\/gefaessmanual.de\/wp-content\/uploads\/2016\/09\/angioseal-66x66.jpg 66w, https:\/\/gefaessmanual.de\/wp-content\/uploads\/2016\/09\/angioseal-300x300.jpg 300w, https:\/\/gefaessmanual.de\/wp-content\/uploads\/2016\/09\/angioseal.jpg 663w\" sizes=\"(max-width: 300px) 100vw, 300px\" \/><\/a><p id=\"caption-attachment-13600\" class=\"wp-caption-text\">Abbildung: AngioSeal Verschlusssystem mit Faden (Oben im Bild), Thrombusmaterial, proximales Stent-Ende des AFS-Stents, atherosklerotische Plaques der Femoralisgabel (unten im Bild)<\/p><\/div>\n<h2>Ergebnis<\/h2>\n<p>Postoperativ zeigt sich keine Komplikationen. Die einliegende Redondrainage kann nach 1 Tag entfernt werden. Die Klinik ist erfreulicherweise komplett r\u00fcckl\u00e4ufig und der Patient kann am 5. postoperativen Tag bei reizlosen Wundverh\u00e4ltnissen entlassen werden. Die F\u00e4den wurden am 16. postoperativen Tag entfernt.<div class=\"fusion-clearfix\"><\/div><\/div><\/div><\/div><\/div>\n","protected":false},"excerpt":{"rendered":"<p>Akute Extremit\u00e4tenisch\u00e4mie nach Stentimplantation Der 76-j\u00e4hrige Rentner B. S.\u00a0stellt sich\u00a0in der Notaufnahme vor. [&hellip;]<\/p>\n","protected":false},"author":1,"featured_media":0,"parent":0,"menu_order":0,"comment_status":"closed","ping_status":"closed","template":"","meta":{"footnotes":""},"class_list":["post-13592","page","type-page","status-publish","hentry"],"_links":{"self":[{"href":"https:\/\/gefaessmanual.de\/index.php?rest_route=\/wp\/v2\/pages\/13592"}],"collection":[{"href":"https:\/\/gefaessmanual.de\/index.php?rest_route=\/wp\/v2\/pages"}],"about":[{"href":"https:\/\/gefaessmanual.de\/index.php?rest_route=\/wp\/v2\/types\/page"}],"author":[{"embeddable":true,"href":"https:\/\/gefaessmanual.de\/index.php?rest_route=\/wp\/v2\/users\/1"}],"replies":[{"embeddable":true,"href":"https:\/\/gefaessmanual.de\/index.php?rest_route=%2Fwp%2Fv2%2Fcomments&post=13592"}],"version-history":[{"count":6,"href":"https:\/\/gefaessmanual.de\/index.php?rest_route=\/wp\/v2\/pages\/13592\/revisions"}],"predecessor-version":[{"id":13624,"href":"https:\/\/gefaessmanual.de\/index.php?rest_route=\/wp\/v2\/pages\/13592\/revisions\/13624"}],"wp:attachment":[{"href":"https:\/\/gefaessmanual.de\/index.php?rest_route=%2Fwp%2Fv2%2Fmedia&parent=13592"}],"curies":[{"name":"wp","href":"https:\/\/api.w.org\/{rel}","templated":true}]}}