{"id":13018,"date":"2016-01-06T13:03:54","date_gmt":"2016-01-06T13:03:54","guid":{"rendered":"http:\/\/gefaessmanual.de\/?page_id=13018"},"modified":"2016-10-15T15:33:39","modified_gmt":"2016-10-15T15:33:39","slug":"aortendissektion","status":"publish","type":"page","link":"https:\/\/gefaessmanual.de\/?page_id=13018","title":{"rendered":"Aortendissektion"},"content":{"rendered":"<h1>Hintergrund<\/h1>\n<p>Mit einer Inzidenz von nur 3 &#8211; 5 Erkrankungen pro Jahr pro 100.000 Einwohner in Deutschland ist die Aortendissektion eine insgesamt seltene Erkrankung. Unter den Notfallsituationen mit Bezug zur Aorta (siehe auch &#8222;akutes Aortensyndrom&#8220;) stellt die Aortendissektion die h\u00e4ufigste Entit\u00e4t dar. Im Unterschied zum klassischen Aortenaneurysma, welches alle Wandschichten einbezieht, ist die Aortendissektion durch eine Intimalamelle charakterisiert, die das Gef\u00e4\u00dflumen in ein wahres und ein falsches Lumen teilt (siehe Abbildung).<\/p>\n<div class=\"fusion-fullwidth fullwidth-box fusion-builder-row-1 hundred-percent-fullwidth non-hundred-percent-height-scrolling\" style=\"--awb-border-radius-top-left:0px;--awb-border-radius-top-right:0px;--awb-border-radius-bottom-right:0px;--awb-border-radius-bottom-left:0px;--awb-overflow:visible;--awb-flex-wrap:wrap;\" ><div class=\"fusion-builder-row fusion-row\"><div class=\"fusion-layout-column fusion_builder_column fusion-builder-column-0 fusion_builder_column_1_1 1_1 fusion-one-full fusion-column-first fusion-column-last fusion-column-no-min-height\" style=\"--awb-bg-size:cover;--awb-margin-bottom:0px;\"><div class=\"fusion-column-wrapper fusion-flex-column-wrapper-legacy\"><div id=\"attachment_13564\" style=\"width: 410px\" class=\"wp-caption alignnone\"><a href=\"http:\/\/gefaessmanual.de\/wp-content\/uploads\/2016\/01\/aortenklassifikation2016.jpg\"><img decoding=\"async\" aria-describedby=\"caption-attachment-13564\" class=\"size-medium wp-image-13564\" src=\"http:\/\/gefaessmanual.de\/wp-content\/uploads\/2016\/01\/aortenklassifikation2016-400x232.jpg\" alt=\"Abbildung: Unterschied zwischen Aortenaneurysma (links) und Aortendissektion (rechts).\" width=\"400\" height=\"232\" srcset=\"https:\/\/gefaessmanual.de\/wp-content\/uploads\/2016\/01\/aortenklassifikation2016-200x116.jpg 200w, https:\/\/gefaessmanual.de\/wp-content\/uploads\/2016\/01\/aortenklassifikation2016-400x232.jpg 400w, https:\/\/gefaessmanual.de\/wp-content\/uploads\/2016\/01\/aortenklassifikation2016.jpg 600w\" sizes=\"(max-width: 400px) 100vw, 400px\" \/><\/a><p id=\"caption-attachment-13564\" class=\"wp-caption-text\">Abbildung: Unterschied zwischen Aortenaneurysma (links) und Aortendissektion (rechts).<\/p><\/div>\n<div class=\"fusion-sep-clear\"><\/div><div class=\"fusion-separator fusion-full-width-sep\" style=\"margin-left: auto;margin-right: auto;margin-top:40px;margin-bottom:40px;width:100%;\"><div class=\"fusion-separator-border sep-shadow\" style=\"--awb-height:20px;--awb-amount:20px;--awb-sep-color:#1e73be;background:radial-gradient(ellipse at 50% -50% , #1e73be 0px, rgba(255, 255, 255, 0) 80%) repeat scroll 0 0 rgba(0, 0, 0, 0);background:-webkit-radial-gradient(ellipse at 50% -50% , #1e73be 0px, rgba(255, 255, 255, 0) 80%) repeat scroll 0 0 rgba(0, 0, 0, 0);background:-moz-radial-gradient(ellipse at 50% -50% , #1e73be 0px, rgba(255, 255, 255, 0) 80%) repeat scroll 0 0 rgba(0, 0, 0, 0);background:-o-radial-gradient(ellipse at 50% -50% , #1e73be 0px, rgba(255, 255, 255, 0) 80%) repeat scroll 0 0 rgba(0, 0, 0, 0);\"><\/div><\/div><div class=\"fusion-sep-clear\"><\/div>\n<h1>Klassifikation<\/h1>\n<p>Bei der akuten Aortendissektion wird grunds\u00e4tzlich nach der <strong>Stanford-Klassifikation<\/strong> in Typ-A (Aorta ascendens bzw. Aortenbogen proximal des Subclaviaabgangs betroffen) und Typ-B unterschieden (Beginn distal der A. subclavia links). Typ-A-Dissektionen werden in der Regel unverz\u00fcglich herzchirurgisch versorgt. Die Prognose der unbehandelten Typ-A-Dissektion ist au\u00dferordentlich schlecht. Die Behandlungsletalit\u00e4t der Typ-B-Aortendissektion betr\u00e4gt heute noch etwa 10 &#8211; 13 %, wobei die Letalit\u00e4t in den ersten 2 Wochen am h\u00f6chsten ist. Eine weitere wichtige Klassifikation ist die Einteilung nach De Bakey in die Typen I (Aorta ascendens und weiter) bis III (Aorta descendens).<\/p>\n<div class=\"fusion-clearfix\"><\/div><\/div><\/div><div class=\"fusion-layout-column fusion_builder_column fusion-builder-column-1 fusion_builder_column_1_1 1_1 fusion-one-full fusion-column-first fusion-column-last fusion-column-no-min-height\" style=\"--awb-bg-size:cover;--awb-margin-bottom:0px;\"><div class=\"fusion-column-wrapper fusion-flex-column-wrapper-legacy\"><div id=\"attachment_13132\" style=\"width: 310px\" class=\"wp-caption alignnone\"><a href=\"http:\/\/gefaessmanual.de\/wp-content\/uploads\/2016\/01\/CT-Dissektion.jpg\" target=\"_blank\" rel=\"attachment wp-att-13132\"><img decoding=\"async\" aria-describedby=\"caption-attachment-13132\" class=\"wp-image-13132 size-medium\" src=\"http:\/\/gefaessmanual.de\/wp-content\/uploads\/2016\/01\/CT-Dissektion-300x212.jpg\" alt=\"CT Dissektion\" width=\"300\" height=\"212\" srcset=\"https:\/\/gefaessmanual.de\/wp-content\/uploads\/2016\/01\/CT-Dissektion-300x212.jpg 300w, https:\/\/gefaessmanual.de\/wp-content\/uploads\/2016\/01\/CT-Dissektion-768x543.jpg 768w, https:\/\/gefaessmanual.de\/wp-content\/uploads\/2016\/01\/CT-Dissektion.jpg 821w\" sizes=\"(max-width: 300px) 100vw, 300px\" \/><\/a><p id=\"caption-attachment-13132\" class=\"wp-caption-text\">Abbildung: CT-Angiographie mit der Darstellung einer Dissektionslamelle der deszendierenden thorakalen und abdominellen Aorta (im Bild rechts neben dem Wirbelk\u00f6rper: thorakale Aorta auf Herzh\u00f6he).<\/p><\/div>\n<p>Nach dem zeitlichen Verlauf kann die Typ-B-Aortendissektion au\u00dferdem in <strong>akut<\/strong> (erste 2 Wochen nach Beginn der Symptomatik), <strong>subakut<\/strong> (2-6 Wochen nach Beginn der Symptomatik) und <strong>chronische<\/strong> Befunde unterteilt werden.<\/p>\n<p>Von besonderer klinischer Relevanz ist au\u00dferdem die Einteilung in <strong>unkomplizierte<\/strong> und <strong>komplizierte<\/strong> Dissektionen, wobei nach den aktuellen Publikationen folgende Symptome als &#8222;kompliziert&#8220; bezeichnet werden k\u00f6nnen:<\/p>\n<ul>\n<li>Malperfusion (R\u00fcckenmark, Beine, Nieren, Darm und andere viszerale Organe)<\/li>\n<li>Unkontrollierbare (neue) Hypertension<\/li>\n<li>Zunehmendes periaortales H\u00e4matom oder Pleuraerguss<\/li>\n<li>Schwere Hypotension<\/li>\n<\/ul>\n<div class=\"fusion-sep-clear\"><\/div><div class=\"fusion-separator fusion-full-width-sep\" style=\"margin-left: auto;margin-right: auto;margin-top:40px;margin-bottom:40px;width:100%;\"><div class=\"fusion-separator-border sep-shadow\" style=\"--awb-height:20px;--awb-amount:20px;--awb-sep-color:#1e73be;background:radial-gradient(ellipse at 50% -50% , #1e73be 0px, rgba(255, 255, 255, 0) 80%) repeat scroll 0 0 rgba(0, 0, 0, 0);background:-webkit-radial-gradient(ellipse at 50% -50% , #1e73be 0px, rgba(255, 255, 255, 0) 80%) repeat scroll 0 0 rgba(0, 0, 0, 0);background:-moz-radial-gradient(ellipse at 50% -50% , #1e73be 0px, rgba(255, 255, 255, 0) 80%) repeat scroll 0 0 rgba(0, 0, 0, 0);background:-o-radial-gradient(ellipse at 50% -50% , #1e73be 0px, rgba(255, 255, 255, 0) 80%) repeat scroll 0 0 rgba(0, 0, 0, 0);\"><\/div><\/div><div class=\"fusion-sep-clear\"><\/div>\n<h1>Bildgebung<\/h1>\n<p>Bei der akuten Aortendissektion sollte, auch bei Fehlen von Komplikationen, eine engmaschige Bildgebung erfolgen. Ein aktuelles Experten-Konsensus-Dokument zur unkomplizierten Dissektion empfiehlt eine Bildgebung bei Patientenaufnahme, nach 7 Tagen, zur Entlassung und nach 6 Wochen. In diesem Zeitraum ist das Risiko f\u00fcr Komplikationen\u00a0und\u00a0Aneurysmarupturen am h\u00f6chsten.<\/p>\n<div class=\"fusion-clearfix\"><\/div><\/div><\/div><div class=\"fusion-layout-column fusion_builder_column fusion-builder-column-2 fusion_builder_column_1_1 1_1 fusion-one-full fusion-column-first fusion-column-last fusion-column-no-min-height\" style=\"--awb-bg-size:cover;--awb-margin-bottom:0px;\"><div class=\"fusion-column-wrapper fusion-flex-column-wrapper-legacy\"><div id=\"attachment_13553\" style=\"width: 192px\" class=\"wp-caption alignnone\"><a href=\"http:\/\/gefaessmanual.de\/wp-content\/uploads\/2016\/01\/dissection.png\" target=\"_blank\"><img decoding=\"async\" aria-describedby=\"caption-attachment-13553\" class=\"wp-image-13553 size-medium\" src=\"http:\/\/gefaessmanual.de\/wp-content\/uploads\/2016\/01\/dissection-182x300.png\" alt=\"dissection\" width=\"182\" height=\"300\" srcset=\"https:\/\/gefaessmanual.de\/wp-content\/uploads\/2016\/01\/dissection-182x300.png 182w, https:\/\/gefaessmanual.de\/wp-content\/uploads\/2016\/01\/dissection-200x329.png 200w, https:\/\/gefaessmanual.de\/wp-content\/uploads\/2016\/01\/dissection.png 290w\" sizes=\"(max-width: 182px) 100vw, 182px\" \/><\/a><p id=\"caption-attachment-13553\" class=\"wp-caption-text\">Abbildung: MR-Rekonstruktion einer thorakalen Aortendissektion (komplette Unterteilung der thorakalen und abdominellen Aorta in ein echtes und ein falsches Lumen durch die Intimalamelle).<\/p><\/div>\n<div class=\"fusion-sep-clear\"><\/div><div class=\"fusion-separator fusion-full-width-sep\" style=\"margin-left: auto;margin-right: auto;margin-top:40px;margin-bottom:40px;width:100%;\"><div class=\"fusion-separator-border sep-shadow\" style=\"--awb-height:20px;--awb-amount:20px;--awb-sep-color:#1e73be;background:radial-gradient(ellipse at 50% -50% , #1e73be 0px, rgba(255, 255, 255, 0) 80%) repeat scroll 0 0 rgba(0, 0, 0, 0);background:-webkit-radial-gradient(ellipse at 50% -50% , #1e73be 0px, rgba(255, 255, 255, 0) 80%) repeat scroll 0 0 rgba(0, 0, 0, 0);background:-moz-radial-gradient(ellipse at 50% -50% , #1e73be 0px, rgba(255, 255, 255, 0) 80%) repeat scroll 0 0 rgba(0, 0, 0, 0);background:-o-radial-gradient(ellipse at 50% -50% , #1e73be 0px, rgba(255, 255, 255, 0) 80%) repeat scroll 0 0 rgba(0, 0, 0, 0);\"><\/div><\/div><div class=\"fusion-sep-clear\"><\/div>\n<h1>Invasive Therapie<\/h1>\n<p>Die anhaltende (pathologische) Perfusion des sog. &#8222;falschen Lumens&#8220; f\u00fchrt bei ca. 40 % der Patienten zur Entwicklung eines behandlungsbed\u00fcrftigen Aneurysmas mit entsprechender Rupturgefahr. Das Therapieziel sollte daher die Ausschaltung der Falschlumenperfusion sein.<\/p>\n<p>Die endovaskul\u00e4re Therapie (Stentgraftimplantation, TEVAR) hat sich bei der Behandlung der akuten komplizierten Typ-B-Dissektionen mittlerweile zum Standardverfahren (First Line Therapie) entwickelt. Die Abdeckung der proximalen Eintrittsstelle (sog. &#8222;Entry&#8220;) kann dabei den Bluteinstrom in das falsche Lumen unterbrechen und damit zur erfolgreichen Ausschaltung der Dissektion f\u00fchren. Bei chronischen Verl\u00e4ufen sind h\u00e4ufig komplexe endovaskul\u00e4re Verfahren zur Unterbrechung der persistierenden &#8222;Falschlumenperfusion&#8220; notwendig, deren Beschreibung den Rahmen dieses Studentenskriptes sprengen w\u00fcrde.<\/p>\n<div class=\"fusion-clearfix\"><\/div><\/div><\/div><div class=\"fusion-layout-column fusion_builder_column fusion-builder-column-3 fusion_builder_column_1_1 1_1 fusion-one-full fusion-column-first fusion-column-last fusion-column-no-min-height\" style=\"--awb-bg-size:cover;--awb-margin-bottom:0px;\"><div class=\"fusion-column-wrapper fusion-flex-column-wrapper-legacy\"><div id=\"attachment_13162\" style=\"width: 238px\" class=\"wp-caption alignnone\"><a href=\"http:\/\/gefaessmanual.de\/wp-content\/uploads\/2016\/01\/tevar-dsa.jpg\" target=\"_blank\" rel=\"attachment wp-att-13162\"><img decoding=\"async\" aria-describedby=\"caption-attachment-13162\" class=\"wp-image-13162 size-medium\" src=\"http:\/\/gefaessmanual.de\/wp-content\/uploads\/2016\/01\/tevar-dsa-228x300.jpg\" alt=\"tevar dsa\" width=\"228\" height=\"300\" srcset=\"https:\/\/gefaessmanual.de\/wp-content\/uploads\/2016\/01\/tevar-dsa-228x300.jpg 228w, https:\/\/gefaessmanual.de\/wp-content\/uploads\/2016\/01\/tevar-dsa-768x1012.jpg 768w, https:\/\/gefaessmanual.de\/wp-content\/uploads\/2016\/01\/tevar-dsa-777x1024.jpg 777w, https:\/\/gefaessmanual.de\/wp-content\/uploads\/2016\/01\/tevar-dsa.jpg 790w\" sizes=\"(max-width: 228px) 100vw, 228px\" \/><\/a><p id=\"caption-attachment-13162\" class=\"wp-caption-text\">Abbildung: Implantation einer thorakalen Stentprothese mit einer proximalen &#8222;Landezone&#8220; (oberer Ring mit Verankerungen) direkt nach dem Abgang der A. subclavia links.<\/p><\/div>\n<div class=\"fusion-sep-clear\"><\/div><div class=\"fusion-separator fusion-full-width-sep\" style=\"margin-left: auto;margin-right: auto;margin-top:40px;margin-bottom:40px;width:100%;\"><div class=\"fusion-separator-border sep-shadow\" style=\"--awb-height:20px;--awb-amount:20px;--awb-sep-color:#1e73be;background:radial-gradient(ellipse at 50% -50% , #1e73be 0px, rgba(255, 255, 255, 0) 80%) repeat scroll 0 0 rgba(0, 0, 0, 0);background:-webkit-radial-gradient(ellipse at 50% -50% , #1e73be 0px, rgba(255, 255, 255, 0) 80%) repeat scroll 0 0 rgba(0, 0, 0, 0);background:-moz-radial-gradient(ellipse at 50% -50% , #1e73be 0px, rgba(255, 255, 255, 0) 80%) repeat scroll 0 0 rgba(0, 0, 0, 0);background:-o-radial-gradient(ellipse at 50% -50% , #1e73be 0px, rgba(255, 255, 255, 0) 80%) repeat scroll 0 0 rgba(0, 0, 0, 0);\"><\/div><\/div><div class=\"fusion-sep-clear\"><\/div>\n<h1>Behandlungsindikation<\/h1>\n<p>Nach den Klasse-I-Empfehlungen der Leitlinie der American Heart Association (AHA) sollte die akute thorakale Aortendissektion<\/p>\n<ul>\n<li>medikament\u00f6s behandelt werden, wenn sich keine lebensbedrohlichen Komplikationen entwickeln<\/li>\n<li>zus\u00e4tzlich offen oder endovaskul\u00e4r behandelt werden, wenn Hinweise auf eine Malperfusion der Organe (Nieren, R\u00fcckenmark etc.) bestehen<\/li>\n<\/ul>\n<div class=\"fusion-sep-clear\"><\/div><div class=\"fusion-separator fusion-full-width-sep\" style=\"margin-left: auto;margin-right: auto;margin-top:40px;margin-bottom:40px;width:100%;\"><div class=\"fusion-separator-border sep-shadow\" style=\"--awb-height:20px;--awb-amount:20px;--awb-sep-color:#1e73be;background:radial-gradient(ellipse at 50% -50% , #1e73be 0px, rgba(255, 255, 255, 0) 80%) repeat scroll 0 0 rgba(0, 0, 0, 0);background:-webkit-radial-gradient(ellipse at 50% -50% , #1e73be 0px, rgba(255, 255, 255, 0) 80%) repeat scroll 0 0 rgba(0, 0, 0, 0);background:-moz-radial-gradient(ellipse at 50% -50% , #1e73be 0px, rgba(255, 255, 255, 0) 80%) repeat scroll 0 0 rgba(0, 0, 0, 0);background:-o-radial-gradient(ellipse at 50% -50% , #1e73be 0px, rgba(255, 255, 255, 0) 80%) repeat scroll 0 0 rgba(0, 0, 0, 0);\"><\/div><\/div><div class=\"fusion-sep-clear\"><\/div><div class=\"fusion-clearfix\"><\/div><\/div><\/div><\/div><\/div>\n","protected":false},"excerpt":{"rendered":"<p>Hintergrund Mit einer Inzidenz von nur 3 &#8211; 5 Erkrankungen pro Jahr pro [&hellip;]<\/p>\n","protected":false},"author":1,"featured_media":0,"parent":0,"menu_order":0,"comment_status":"closed","ping_status":"closed","template":"","meta":{"footnotes":""},"class_list":["post-13018","page","type-page","status-publish","hentry"],"_links":{"self":[{"href":"https:\/\/gefaessmanual.de\/index.php?rest_route=\/wp\/v2\/pages\/13018"}],"collection":[{"href":"https:\/\/gefaessmanual.de\/index.php?rest_route=\/wp\/v2\/pages"}],"about":[{"href":"https:\/\/gefaessmanual.de\/index.php?rest_route=\/wp\/v2\/types\/page"}],"author":[{"embeddable":true,"href":"https:\/\/gefaessmanual.de\/index.php?rest_route=\/wp\/v2\/users\/1"}],"replies":[{"embeddable":true,"href":"https:\/\/gefaessmanual.de\/index.php?rest_route=%2Fwp%2Fv2%2Fcomments&post=13018"}],"version-history":[{"count":12,"href":"https:\/\/gefaessmanual.de\/index.php?rest_route=\/wp\/v2\/pages\/13018\/revisions"}],"predecessor-version":[{"id":13636,"href":"https:\/\/gefaessmanual.de\/index.php?rest_route=\/wp\/v2\/pages\/13018\/revisions\/13636"}],"wp:attachment":[{"href":"https:\/\/gefaessmanual.de\/index.php?rest_route=%2Fwp%2Fv2%2Fmedia&parent=13018"}],"curies":[{"name":"wp","href":"https:\/\/api.w.org\/{rel}","templated":true}]}}